{"id":107,"date":"2012-08-11T14:49:12","date_gmt":"2012-08-11T12:49:12","guid":{"rendered":"http:\/\/kebab-sultan.com.pl\/?page_id=107"},"modified":"2025-12-13T11:59:24","modified_gmt":"2025-12-13T10:59:24","slug":"kebaby-sultana","status":"publish","type":"page","link":"http:\/\/kebab-sultan.com.pl\/index.php\/menu\/kebaby-sultana\/","title":{"rendered":"Kebaby Su\u0142tana"},"content":{"rendered":"<h2><\/h2>\n<h2>Mi\u0119so do wyboru (kurczak, wo\u0142owina), sos do wyboru<\/h2>\n<h3>1. Ma\u0142y Su\u0142tan <span style=\"color: #ff0000;\">26,00 z\u0142<\/span><\/h3>\n<p>pita, mi\u0119so 150g, sur\u00f3wki, feta, oliwki, papryka chilli<\/p>\n<h3>2. \u015aredni su\u0142tan <span style=\"color: #ff0000;\">29,00 z\u0142<\/span><\/h3>\n<p>pita, mi\u0119so 200g, sur\u00f3wki, feta, oliwki, papryka chilli<\/p>\n<h3>3. Big Su\u0142tan <span style=\"color: #ff0000;\">36,00 z\u0142<\/span><\/h3>\n<p>pita, mi\u0119so 300g, sur\u00f3wki, feta, oliwki, papryka, chilli<\/p>\n<h3>4. Wegetaria\u0144ski <span style=\"color: #ff0000;\">14,00 z\u0142<\/span><\/h3>\n<p>pita, sur\u00f3wki, feta, oliwki, papryka chilli<\/p>\n","protected":false},"excerpt":{"rendered":"<p>Mi\u0119so do wyboru (kurczak, wo\u0142owina), sos do wyboru 1. Ma\u0142y Su\u0142tan 26,00 z\u0142 pita, mi\u0119so 150g, sur\u00f3wki, feta, oliwki, papryka chilli 2. \u015aredni su\u0142tan 29,00 z\u0142 pita, mi\u0119so 200g, sur\u00f3wki, feta, oliwki, papryka chilli 3. Big Su\u0142tan 36,00 z\u0142 pita, mi\u0119so 300g, sur\u00f3wki, feta, oliwki, papryka, chilli 4. Wegetaria\u0144ski 14,00 z\u0142 pita, sur\u00f3wki, feta, oliwki, [&hellip;]<\/p>\n","protected":false},"author":1,"featured_media":0,"parent":7,"menu_order":1,"comment_status":"open","ping_status":"open","template":"","meta":[],"_links":{"self":[{"href":"http:\/\/kebab-sultan.com.pl\/index.php\/wp-json\/wp\/v2\/pages\/107"}],"collection":[{"href":"http:\/\/kebab-sultan.com.pl\/index.php\/wp-json\/wp\/v2\/pages"}],"about":[{"href":"http:\/\/kebab-sultan.com.pl\/index.php\/wp-json\/wp\/v2\/types\/page"}],"author":[{"embeddable":true,"href":"http:\/\/kebab-sultan.com.pl\/index.php\/wp-json\/wp\/v2\/users\/1"}],"replies":[{"embeddable":true,"href":"http:\/\/kebab-sultan.com.pl\/index.php\/wp-json\/wp\/v2\/comments?post=107"}],"version-history":[{"count":24,"href":"http:\/\/kebab-sultan.com.pl\/index.php\/wp-json\/wp\/v2\/pages\/107\/revisions"}],"predecessor-version":[{"id":542,"href":"http:\/\/kebab-sultan.com.pl\/index.php\/wp-json\/wp\/v2\/pages\/107\/revisions\/542"}],"up":[{"embeddable":true,"href":"http:\/\/kebab-sultan.com.pl\/index.php\/wp-json\/wp\/v2\/pages\/7"}],"wp:attachment":[{"href":"http:\/\/kebab-sultan.com.pl\/index.php\/wp-json\/wp\/v2\/media?parent=107"}],"curies":[{"name":"wp","href":"https:\/\/api.w.org\/{rel}","templated":true}]}}