{"id":9,"date":"2012-07-16T14:35:36","date_gmt":"2012-07-16T12:35:36","guid":{"rendered":"http:\/\/kebab-sultan.com.pl\/\/?page_id=9"},"modified":"2016-10-04T10:10:09","modified_gmt":"2016-10-04T08:10:09","slug":"dojazd","status":"publish","type":"page","link":"http:\/\/kebab-sultan.com.pl\/index.php\/dojazd\/","title":{"rendered":"Dojazd"},"content":{"rendered":"<p>W celu powi\u0119kszenia mapki prosz\u0119 klikn\u0105\u0107 na poni\u017cszy obrazek.<\/p>\n<p><a href=\"http:\/\/kebab-sultan.com.pl\/wp-content\/uploads\/2016\/10\/Mapa-su\u0139?tan.jpg\"><img loading=\"lazy\" src=\"http:\/\/kebab-sultan.com.pl\/wp-content\/uploads\/2016\/10\/Mapa-su\u0139?tan.jpg\" alt=\"Dojazd\" width=\"400\" height=\"400\"\/><\/a><\/p>\n","protected":false},"excerpt":{"rendered":"<p>W celu powi\u0119kszenia mapki prosz\u0119 klikn\u0105\u0107 na poni\u017cszy obrazek.<\/p>\n","protected":false},"author":1,"featured_media":0,"parent":0,"menu_order":3,"comment_status":"open","ping_status":"open","template":"","meta":[],"_links":{"self":[{"href":"http:\/\/kebab-sultan.com.pl\/index.php\/wp-json\/wp\/v2\/pages\/9"}],"collection":[{"href":"http:\/\/kebab-sultan.com.pl\/index.php\/wp-json\/wp\/v2\/pages"}],"about":[{"href":"http:\/\/kebab-sultan.com.pl\/index.php\/wp-json\/wp\/v2\/types\/page"}],"author":[{"embeddable":true,"href":"http:\/\/kebab-sultan.com.pl\/index.php\/wp-json\/wp\/v2\/users\/1"}],"replies":[{"embeddable":true,"href":"http:\/\/kebab-sultan.com.pl\/index.php\/wp-json\/wp\/v2\/comments?post=9"}],"version-history":[{"count":11,"href":"http:\/\/kebab-sultan.com.pl\/index.php\/wp-json\/wp\/v2\/pages\/9\/revisions"}],"predecessor-version":[{"id":323,"href":"http:\/\/kebab-sultan.com.pl\/index.php\/wp-json\/wp\/v2\/pages\/9\/revisions\/323"}],"wp:attachment":[{"href":"http:\/\/kebab-sultan.com.pl\/index.php\/wp-json\/wp\/v2\/media?parent=9"}],"curies":[{"name":"wp","href":"https:\/\/api.w.org\/{rel}","templated":true}]}}